{"id":5185,"date":"2020-01-29T10:54:37","date_gmt":"2020-01-29T09:54:37","guid":{"rendered":"http:\/\/www.zs.gromnik.pl\/zs\/?page_id=5185"},"modified":"2020-03-01T10:59:54","modified_gmt":"2020-03-01T09:59:54","slug":"rezultaty-projektu","status":"publish","type":"page","link":"http:\/\/zs.gromnik.pl\/zs\/rezultaty-projektu\/","title":{"rendered":"Rezultaty projektu."},"content":{"rendered":"\n<div class=\"wp-block-image\"><figure class=\"aligncenter\"><img loading=\"lazy\" width=\"1024\" height=\"132\" src=\"http:\/\/www.zs.gromnik.pl\/zs\/wp-content\/uploads\/2019\/11\/FE_POWER_poziom_pl-1_rgb-1024x132.jpg\" alt=\"\" class=\"wp-image-4704\" srcset=\"http:\/\/zs.gromnik.pl\/zs\/wp-content\/uploads\/2019\/11\/FE_POWER_poziom_pl-1_rgb-1024x132.jpg 1024w, http:\/\/zs.gromnik.pl\/zs\/wp-content\/uploads\/2019\/11\/FE_POWER_poziom_pl-1_rgb-300x39.jpg 300w, http:\/\/zs.gromnik.pl\/zs\/wp-content\/uploads\/2019\/11\/FE_POWER_poziom_pl-1_rgb-768x99.jpg 768w, http:\/\/zs.gromnik.pl\/zs\/wp-content\/uploads\/2019\/11\/FE_POWER_poziom_pl-1_rgb-820x105.jpg 820w\" sizes=\"(max-width: 1024px) 100vw, 1024px\" \/><\/figure><\/div>\n\n\n\n<div class=\"wp-block-file\"><a href=\"http:\/\/www.zs.gromnik.pl\/zs\/wp-content\/uploads\/2020\/01\/Energy-skonwertowany.pdf\">Prezentacja multimedialna w j\u0119zyku angielskim &#8222;Energia&#8221;.<\/a><a href=\"http:\/\/www.zs.gromnik.pl\/zs\/wp-content\/uploads\/2020\/01\/Energy-skonwertowany.pdf\" class=\"wp-block-file__button\" download>Pobierz<\/a><\/div>\n\n\n\n<div class=\"wp-block-file\"><a href=\"http:\/\/www.zs.gromnik.pl\/zs\/wp-content\/uploads\/2020\/01\/Mini-s\u0142owniczek-ekologiczny.pdf\">Mini s\u0142owniczek ekologiczny.<\/a><a href=\"http:\/\/www.zs.gromnik.pl\/zs\/wp-content\/uploads\/2020\/01\/Mini-s\u0142owniczek-ekologiczny.pdf\" class=\"wp-block-file__button\" download>Pobierz<\/a><\/div>\n\n\n\n<div class=\"wp-block-file\"><a href=\"http:\/\/www.zs.gromnik.pl\/zs\/wp-content\/uploads\/2020\/03\/Wystapienie-5-dni-w-Porto.pdf\">Wyst\u0105pienie uczni\u00f3w pt. &#8222;Pi\u0119\u0107 dni w Porto&#8221;.<\/a><a href=\"http:\/\/www.zs.gromnik.pl\/zs\/wp-content\/uploads\/2020\/03\/Wystapienie-5-dni-w-Porto.pdf\" class=\"wp-block-file__button\" download>Pobierz<\/a><\/div>\n\n\n\n<div class=\"wp-block-file\"><a href=\"http:\/\/www.zs.gromnik.pl\/zs\/wp-content\/uploads\/2020\/03\/Zanieczyszczenia-Ziemi_-energia.pdf\">Prezentacja o zanieczyszczeniach i energii odnawialnej.<\/a><a href=\"http:\/\/www.zs.gromnik.pl\/zs\/wp-content\/uploads\/2020\/03\/Zanieczyszczenia-Ziemi_-energia.pdf\" class=\"wp-block-file__button\" download>Pobierz<\/a><\/div>\n\n\n\n<div class=\"wp-block-file\"><a href=\"http:\/\/www.zs.gromnik.pl\/zs\/wp-content\/uploads\/2020\/03\/Prezentacja-podsumowuj\u0105ca-wyjazd-do-Portugalii..pdf\">Podsumowanie projektu.<\/a><a href=\"http:\/\/www.zs.gromnik.pl\/zs\/wp-content\/uploads\/2020\/03\/Prezentacja-podsumowuj\u0105ca-wyjazd-do-Portugalii..pdf\" class=\"wp-block-file__button\" download>Pobierz<\/a><\/div>\n\n\n\n<p>Nadszed\u0142 czas podsumowa\u0144 dzia\u0142a\u0144 projektowych. 27 lutego 2020 r. odby\u0142 si\u0119 cykl spotka\u0144 uczestnik\u00f3w projektu z uczniami naszej szko\u0142y, kt\u00f3remu towarzyszy\u0142a Tarnowska.tv. M\u0142odzie\u017c dzieli\u0142a si\u0119 swoim do\u015bwiadczeniem i wiedz\u0105 nabyt\u0105 w Porto. <br><\/p>\n\n\n\n<ul class=\"wp-container-2 wp-block-gallery-1 wp-block-gallery columns-1 is-cropped\"><li class=\"blocks-gallery-item\"><figure><img loading=\"lazy\" width=\"960\" height=\"720\" src=\"http:\/\/www.zs.gromnik.pl\/zs\/wp-content\/uploads\/2020\/03\/87840338_206230554093292_7204223102580948992_n.jpg\" alt=\"\" data-id=\"5328\" data-link=\"http:\/\/www.zs.gromnik.pl\/zs\/rezultaty-projektu\/87840338_206230554093292_7204223102580948992_n\/\" class=\"wp-image-5328\" srcset=\"http:\/\/zs.gromnik.pl\/zs\/wp-content\/uploads\/2020\/03\/87840338_206230554093292_7204223102580948992_n.jpg 960w, http:\/\/zs.gromnik.pl\/zs\/wp-content\/uploads\/2020\/03\/87840338_206230554093292_7204223102580948992_n-300x225.jpg 300w, http:\/\/zs.gromnik.pl\/zs\/wp-content\/uploads\/2020\/03\/87840338_206230554093292_7204223102580948992_n-768x576.jpg 768w, http:\/\/zs.gromnik.pl\/zs\/wp-content\/uploads\/2020\/03\/87840338_206230554093292_7204223102580948992_n-820x615.jpg 820w\" sizes=\"(max-width: 960px) 100vw, 960px\" \/><\/figure><\/li><\/ul>\n","protected":false},"excerpt":{"rendered":"<p>Nadszed\u0142 czas podsumowa\u0144 dzia\u0142a\u0144 projektowych. 27 lutego 2020 r. odby\u0142 si\u0119 cykl spotka\u0144 uczestnik\u00f3w projektu z uczniami naszej szko\u0142y, kt\u00f3remu towarzyszy\u0142a Tarnowska.tv. M\u0142odzie\u017c dzieli\u0142a si\u0119 swoim do\u015bwiadczeniem i wiedz\u0105 nabyt\u0105 w Porto.<\/p>\n","protected":false},"author":6,"featured_media":0,"parent":0,"menu_order":0,"comment_status":"closed","ping_status":"closed","template":"","meta":[],"yoast_head":"<!-- This site is optimized with the Yoast SEO plugin v19.8 - https:\/\/yoast.com\/wordpress\/plugins\/seo\/ -->\n<title>Rezultaty projektu. - Zesp\u00f3\u0142 Szk\u00f3\u0142 w Gromniku<\/title>\n<meta name=\"description\" content=\"Zesp\u00f3\u0142 Szk\u00f3\u0142 Gromnik, szko\u0142a gromnik, szko\u0142a podstawowa gromnik, przedszkole gromnik\" \/>\n<meta name=\"robots\" content=\"index, follow, max-snippet:-1, max-image-preview:large, max-video-preview:-1\" \/>\n<link rel=\"canonical\" href=\"http:\/\/zs.gromnik.pl\/zs\/rezultaty-projektu\/\" \/>\n<meta property=\"og:locale\" content=\"pl_PL\" \/>\n<meta property=\"og:type\" content=\"article\" \/>\n<meta property=\"og:title\" content=\"Rezultaty projektu. - Zesp\u00f3\u0142 Szk\u00f3\u0142 w Gromniku\" \/>\n<meta property=\"og:description\" content=\"Zesp\u00f3\u0142 Szk\u00f3\u0142 Gromnik, szko\u0142a gromnik, szko\u0142a podstawowa gromnik, przedszkole gromnik\" \/>\n<meta property=\"og:url\" content=\"http:\/\/zs.gromnik.pl\/zs\/rezultaty-projektu\/\" \/>\n<meta property=\"og:site_name\" content=\"Zesp\u00f3\u0142 Szk\u00f3\u0142 w Gromniku\" \/>\n<meta property=\"article:publisher\" content=\"https:\/\/www.facebook.com\/zsgromnik\" \/>\n<meta property=\"article:modified_time\" content=\"2020-03-01T09:59:54+00:00\" \/>\n<meta property=\"og:image\" content=\"http:\/\/www.zs.gromnik.pl\/zs\/wp-content\/uploads\/2019\/11\/FE_POWER_poziom_pl-1_rgb-1024x132.jpg\" \/>\n<meta name=\"twitter:card\" content=\"summary_large_image\" \/>\n<script type=\"application\/ld+json\" class=\"yoast-schema-graph\">{\"@context\":\"https:\/\/schema.org\",\"@graph\":[{\"@type\":\"WebPage\",\"@id\":\"http:\/\/zs.gromnik.pl\/zs\/rezultaty-projektu\/\",\"url\":\"http:\/\/zs.gromnik.pl\/zs\/rezultaty-projektu\/\",\"name\":\"Rezultaty projektu. - Zesp\u00f3\u0142 Szk\u00f3\u0142 w Gromniku\",\"isPartOf\":{\"@id\":\"https:\/\/zs.gromnik.pl\/zs\/#website\"},\"datePublished\":\"2020-01-29T09:54:37+00:00\",\"dateModified\":\"2020-03-01T09:59:54+00:00\",\"description\":\"Zesp\u00f3\u0142 Szk\u00f3\u0142 Gromnik, szko\u0142a gromnik, szko\u0142a podstawowa gromnik, przedszkole gromnik\",\"breadcrumb\":{\"@id\":\"http:\/\/zs.gromnik.pl\/zs\/rezultaty-projektu\/#breadcrumb\"},\"inLanguage\":\"pl-PL\",\"potentialAction\":[{\"@type\":\"ReadAction\",\"target\":[\"http:\/\/zs.gromnik.pl\/zs\/rezultaty-projektu\/\"]}]},{\"@type\":\"BreadcrumbList\",\"@id\":\"http:\/\/zs.gromnik.pl\/zs\/rezultaty-projektu\/#breadcrumb\",\"itemListElement\":[{\"@type\":\"ListItem\",\"position\":1,\"name\":\"Strona g\u0142\u00f3wna\",\"item\":\"https:\/\/zs.gromnik.pl\/zs\/\"},{\"@type\":\"ListItem\",\"position\":2,\"name\":\"Rezultaty projektu.\"}]},{\"@type\":\"WebSite\",\"@id\":\"https:\/\/zs.gromnik.pl\/zs\/#website\",\"url\":\"https:\/\/zs.gromnik.pl\/zs\/\",\"name\":\"Zesp\u00f3\u0142 Szk\u00f3\u0142 w Gromniku\",\"description\":\"\",\"potentialAction\":[{\"@type\":\"SearchAction\",\"target\":{\"@type\":\"EntryPoint\",\"urlTemplate\":\"https:\/\/zs.gromnik.pl\/zs\/?s={search_term_string}\"},\"query-input\":\"required name=search_term_string\"}],\"inLanguage\":\"pl-PL\"}]}<\/script>\n<!-- \/ Yoast SEO plugin. -->","yoast_head_json":{"title":"Rezultaty projektu. - Zesp\u00f3\u0142 Szk\u00f3\u0142 w Gromniku","description":"Zesp\u00f3\u0142 Szk\u00f3\u0142 Gromnik, szko\u0142a gromnik, szko\u0142a podstawowa gromnik, przedszkole gromnik","robots":{"index":"index","follow":"follow","max-snippet":"max-snippet:-1","max-image-preview":"max-image-preview:large","max-video-preview":"max-video-preview:-1"},"canonical":"http:\/\/zs.gromnik.pl\/zs\/rezultaty-projektu\/","og_locale":"pl_PL","og_type":"article","og_title":"Rezultaty projektu. - Zesp\u00f3\u0142 Szk\u00f3\u0142 w Gromniku","og_description":"Zesp\u00f3\u0142 Szk\u00f3\u0142 Gromnik, szko\u0142a gromnik, szko\u0142a podstawowa gromnik, przedszkole gromnik","og_url":"http:\/\/zs.gromnik.pl\/zs\/rezultaty-projektu\/","og_site_name":"Zesp\u00f3\u0142 Szk\u00f3\u0142 w Gromniku","article_publisher":"https:\/\/www.facebook.com\/zsgromnik","article_modified_time":"2020-03-01T09:59:54+00:00","og_image":[{"url":"http:\/\/www.zs.gromnik.pl\/zs\/wp-content\/uploads\/2019\/11\/FE_POWER_poziom_pl-1_rgb-1024x132.jpg"}],"twitter_card":"summary_large_image","schema":{"@context":"https:\/\/schema.org","@graph":[{"@type":"WebPage","@id":"http:\/\/zs.gromnik.pl\/zs\/rezultaty-projektu\/","url":"http:\/\/zs.gromnik.pl\/zs\/rezultaty-projektu\/","name":"Rezultaty projektu. - Zesp\u00f3\u0142 Szk\u00f3\u0142 w Gromniku","isPartOf":{"@id":"https:\/\/zs.gromnik.pl\/zs\/#website"},"datePublished":"2020-01-29T09:54:37+00:00","dateModified":"2020-03-01T09:59:54+00:00","description":"Zesp\u00f3\u0142 Szk\u00f3\u0142 Gromnik, szko\u0142a gromnik, szko\u0142a podstawowa gromnik, przedszkole gromnik","breadcrumb":{"@id":"http:\/\/zs.gromnik.pl\/zs\/rezultaty-projektu\/#breadcrumb"},"inLanguage":"pl-PL","potentialAction":[{"@type":"ReadAction","target":["http:\/\/zs.gromnik.pl\/zs\/rezultaty-projektu\/"]}]},{"@type":"BreadcrumbList","@id":"http:\/\/zs.gromnik.pl\/zs\/rezultaty-projektu\/#breadcrumb","itemListElement":[{"@type":"ListItem","position":1,"name":"Strona g\u0142\u00f3wna","item":"https:\/\/zs.gromnik.pl\/zs\/"},{"@type":"ListItem","position":2,"name":"Rezultaty projektu."}]},{"@type":"WebSite","@id":"https:\/\/zs.gromnik.pl\/zs\/#website","url":"https:\/\/zs.gromnik.pl\/zs\/","name":"Zesp\u00f3\u0142 Szk\u00f3\u0142 w Gromniku","description":"","potentialAction":[{"@type":"SearchAction","target":{"@type":"EntryPoint","urlTemplate":"https:\/\/zs.gromnik.pl\/zs\/?s={search_term_string}"},"query-input":"required name=search_term_string"}],"inLanguage":"pl-PL"}]}},"_links":{"self":[{"href":"http:\/\/zs.gromnik.pl\/zs\/wp-json\/wp\/v2\/pages\/5185"}],"collection":[{"href":"http:\/\/zs.gromnik.pl\/zs\/wp-json\/wp\/v2\/pages"}],"about":[{"href":"http:\/\/zs.gromnik.pl\/zs\/wp-json\/wp\/v2\/types\/page"}],"author":[{"embeddable":true,"href":"http:\/\/zs.gromnik.pl\/zs\/wp-json\/wp\/v2\/users\/6"}],"replies":[{"embeddable":true,"href":"http:\/\/zs.gromnik.pl\/zs\/wp-json\/wp\/v2\/comments?post=5185"}],"version-history":[{"count":7,"href":"http:\/\/zs.gromnik.pl\/zs\/wp-json\/wp\/v2\/pages\/5185\/revisions"}],"predecessor-version":[{"id":5338,"href":"http:\/\/zs.gromnik.pl\/zs\/wp-json\/wp\/v2\/pages\/5185\/revisions\/5338"}],"wp:attachment":[{"href":"http:\/\/zs.gromnik.pl\/zs\/wp-json\/wp\/v2\/media?parent=5185"}],"curies":[{"name":"wp","href":"https:\/\/api.w.org\/{rel}","templated":true}]}}

<div class="wp-block-image"><figure class="aligncenter"><img loading="lazy" width="1024" height="132" src="http://www.zs.gromnik.pl/zs/wp-content/uploads/2019/11/FE_POWER_poziom_pl-1_rgb-1024x132.jpg" alt="" class="wp-image-4704" srcset="http://zs.gromnik.pl/zs/wp-content/uploads/2019/11/FE_POWER_poziom_pl-1_rgb-1024x132.jpg 1024w, http://zs.gromnik.pl/zs/wp-content/uploads/2019/11/FE_POWER_poziom_pl-1_rgb-300x39.jpg 300w, http://zs.gromnik.pl/zs/wp-content/uploads/2019/11/FE_POWER_poziom_pl-1_rgb-768x99.jpg 768w, http://zs.gromnik.pl/zs/wp-content/uploads/2019/11/FE_POWER_poziom_pl-1_rgb-820x105.jpg 820w" sizes="(max-width: 1024px) 100vw, 1024px" /></figure></div>



<div class="wp-block-file"><a href="http://www.zs.gromnik.pl/zs/wp-content/uploads/2020/01/Energy-skonwertowany.pdf">Prezentacja multimedialna w języku angielskim &#8222;Energia&#8221;.</a><a href="http://www.zs.gromnik.pl/zs/wp-content/uploads/2020/01/Energy-skonwertowany.pdf" class="wp-block-file__button" download>Pobierz</a></div>



<div class="wp-block-file"><a href="http://www.zs.gromnik.pl/zs/wp-content/uploads/2020/01/Mini-słowniczek-ekologiczny.pdf">Mini słowniczek ekologiczny.</a><a href="http://www.zs.gromnik.pl/zs/wp-content/uploads/2020/01/Mini-słowniczek-ekologiczny.pdf" class="wp-block-file__button" download>Pobierz</a></div>



<div class="wp-block-file"><a href="http://www.zs.gromnik.pl/zs/wp-content/uploads/2020/03/Wystapienie-5-dni-w-Porto.pdf">Wystąpienie uczniów pt. &#8222;Pięć dni w Porto&#8221;.</a><a href="http://www.zs.gromnik.pl/zs/wp-content/uploads/2020/03/Wystapienie-5-dni-w-Porto.pdf" class="wp-block-file__button" download>Pobierz</a></div>



<div class="wp-block-file"><a href="http://www.zs.gromnik.pl/zs/wp-content/uploads/2020/03/Zanieczyszczenia-Ziemi_-energia.pdf">Prezentacja o zanieczyszczeniach i energii odnawialnej.</a><a href="http://www.zs.gromnik.pl/zs/wp-content/uploads/2020/03/Zanieczyszczenia-Ziemi_-energia.pdf" class="wp-block-file__button" download>Pobierz</a></div>



<div class="wp-block-file"><a href="http://www.zs.gromnik.pl/zs/wp-content/uploads/2020/03/Prezentacja-podsumowująca-wyjazd-do-Portugalii..pdf">Podsumowanie projektu.</a><a href="http://www.zs.gromnik.pl/zs/wp-content/uploads/2020/03/Prezentacja-podsumowująca-wyjazd-do-Portugalii..pdf" class="wp-block-file__button" download>Pobierz</a></div>



<p>Nadszedł czas podsumowań działań projektowych. 27 lutego 2020 r. odbył się cykl spotkań uczestników projektu z uczniami naszej szkoły, któremu towarzyszyła Tarnowska.tv. Młodzież dzieliła się swoim doświadczeniem i wiedzą nabytą w Porto. <br></p>



<ul class="wp-container-2 wp-block-gallery-1 wp-block-gallery columns-1 is-cropped"><li class="blocks-gallery-item"><figure><img loading="lazy" width="960" height="720" src="http://www.zs.gromnik.pl/zs/wp-content/uploads/2020/03/87840338_206230554093292_7204223102580948992_n.jpg" alt="" data-id="5328" data-link="http://www.zs.gromnik.pl/zs/rezultaty-projektu/87840338_206230554093292_7204223102580948992_n/" class="wp-image-5328" srcset="http://zs.gromnik.pl/zs/wp-content/uploads/2020/03/87840338_206230554093292_7204223102580948992_n.jpg 960w, http://zs.gromnik.pl/zs/wp-content/uploads/2020/03/87840338_206230554093292_7204223102580948992_n-300x225.jpg 300w, http://zs.gromnik.pl/zs/wp-content/uploads/2020/03/87840338_206230554093292_7204223102580948992_n-768x576.jpg 768w, http://zs.gromnik.pl/zs/wp-content/uploads/2020/03/87840338_206230554093292_7204223102580948992_n-820x615.jpg 820w" sizes="(max-width: 960px) 100vw, 960px" /></figure></li></ul>

<p>Nadszedł czas podsumowań działań projektowych. 27 lutego 2020 r. odbył się cykl spotkań uczestników projektu z uczniami naszej szkoły, któremu towarzyszyła Tarnowska.tv. Młodzież dzieliła się swoim doświadczeniem i wiedzą nabytą w Porto.</p>

<!-- This site is optimized with the Yoast SEO plugin v19.8 - https://yoast.com/wordpress/plugins/seo/ -->
<title>Rezultaty projektu. - Zespół Szkół w Gromniku</title>
<meta name="description" content="Zespół Szkół Gromnik, szkoła gromnik, szkoła podstawowa gromnik, przedszkole gromnik" />
<meta name="robots" content="index, follow, max-snippet:-1, max-image-preview:large, max-video-preview:-1" />
<link rel="canonical" href="http://zs.gromnik.pl/zs/rezultaty-projektu/" />
<meta property="og:locale" content="pl_PL" />
<meta property="og:type" content="article" />
<meta property="og:title" content="Rezultaty projektu. - Zespół Szkół w Gromniku" />
<meta property="og:description" content="Zespół Szkół Gromnik, szkoła gromnik, szkoła podstawowa gromnik, przedszkole gromnik" />
<meta property="og:url" content="http://zs.gromnik.pl/zs/rezultaty-projektu/" />
<meta property="og:site_name" content="Zespół Szkół w Gromniku" />
<meta property="article:publisher" content="https://www.facebook.com/zsgromnik" />
<meta property="article:modified_time" content="2020-03-01T09:59:54+00:00" />
<meta property="og:image" content="http://www.zs.gromnik.pl/zs/wp-content/uploads/2019/11/FE_POWER_poziom_pl-1_rgb-1024x132.jpg" />
<meta name="twitter:card" content="summary_large_image" />
<script type="application/ld+json" class="yoast-schema-graph">{"@context":"https://schema.org","@graph":[{"@type":"WebPage","@id":"http://zs.gromnik.pl/zs/rezultaty-projektu/","url":"http://zs.gromnik.pl/zs/rezultaty-projektu/","name":"Rezultaty projektu. - Zespół Szkół w Gromniku","isPartOf":{"@id":"https://zs.gromnik.pl/zs/#website"},"datePublished":"2020-01-29T09:54:37+00:00","dateModified":"2020-03-01T09:59:54+00:00","description":"Zespół Szkół Gromnik, szkoła gromnik, szkoła podstawowa gromnik, przedszkole gromnik","breadcrumb":{"@id":"http://zs.gromnik.pl/zs/rezultaty-projektu/#breadcrumb"},"inLanguage":"pl-PL","potentialAction":[{"@type":"ReadAction","target":["http://zs.gromnik.pl/zs/rezultaty-projektu/"]}]},{"@type":"BreadcrumbList","@id":"http://zs.gromnik.pl/zs/rezultaty-projektu/#breadcrumb","itemListElement":[{"@type":"ListItem","position":1,"name":"Strona główna","item":"https://zs.gromnik.pl/zs/"},{"@type":"ListItem","position":2,"name":"Rezultaty projektu."}]},{"@type":"WebSite","@id":"https://zs.gromnik.pl/zs/#website","url":"https://zs.gromnik.pl/zs/","name":"Zespół Szkół w Gromniku","description":"","potentialAction":[{"@type":"SearchAction","target":{"@type":"EntryPoint","urlTemplate":"https://zs.gromnik.pl/zs/?s={search_term_string}"},"query-input":"required name=search_term_string"}],"inLanguage":"pl-PL"}]}</script>
<!-- / Yoast SEO plugin. -->

Rezultaty projektu. - Zespół Szkół w Gromniku

Zespół Szkół Gromnik, szkoła gromnik, szkoła podstawowa gromnik, przedszkole gromnik

Zespół Szkół w Gromniku

Strona główna
