{"id":957,"date":"2016-12-14T09:38:03","date_gmt":"2016-12-14T08:38:03","guid":{"rendered":"http:\/\/www.zs.gromnik.pl\/zs\/?page_id=957"},"modified":"2016-12-14T09:38:03","modified_gmt":"2016-12-14T08:38:03","slug":"gmina-gromnik-folder","status":"publish","type":"page","link":"http:\/\/zs.gromnik.pl\/zs\/gmina-gromnik-folder\/","title":{"rendered":"Gmina Gromnik &#8211; folder"},"content":{"rendered":"<p style=\"text-align: justify;\">Nauczyciele j\u0119zyka angielskiego i niemieckiego z Zespo\u0142u Szk\u00f3\u0142 w Gromniku odbyli w ramach projektu \u201ePoszerzanie horyzont\u00f3w z Erasmusem+\u201d szkolenia metodyczno &#8211; j\u0119zykowe w Richard Language College w Bournemouth oraz Instytucie Goethe w Bonn. Przebywanie przez d\u0142u\u017cszy czas w \u015brodowisku angloj\u0119zycznym i niemieckoj\u0119zycznym pozwoli\u0142o im \u00a0na poznanie i do\u015bwiadczenie reali\u00f3w, kultury, tradycji i obyczaj\u00f3w wybranego kraju. Po uko\u0144czonym szkoleniu, bogatsi o nowe do\u015bwiadczenia i umiej\u0119tno\u015bci j\u0119zykowe opracowali dla potrzeb gminy folder informacyjny w j\u0119zyku angielskim i niemieckim, promuj\u0105cy nasz region.<br \/>\nProjekt folderu wykona\u0142a pani Patrycja Kubicz, a informacje i zdj\u0119cia otrzymali\u015bmy z Urz\u0119du Gminy w Gromniku.<\/p>\n<p>&nbsp;<\/p>\n<p style=\"text-align: right;\">Ma\u0142gorzata Starzyk<\/p>\n<p style=\"text-align: right;\">\u00a0\u00a0\u00a0\u00a0\u00a0\u00a0\u00a0\u00a0\u00a0\u00a0\u00a0\u00a0\u00a0\u00a0\u00a0\u00a0\u00a0\u00a0\u00a0\u00a0\u00a0\u00a0\u00a0\u00a0\u00a0\u00a0\u00a0\u00a0\u00a0\u00a0\u00a0\u00a0\u00a0\u00a0\u00a0\u00a0\u00a0\u00a0\u00a0\u00a0\u00a0\u00a0\u00a0\u00a0\u00a0\u00a0\u00a0\u00a0\u00a0\u00a0\u00a0\u00a0\u00a0\u00a0\u00a0\u00a0\u00a0\u00a0\u00a0\u00a0\u00a0\u00a0\u00a0\u00a0\u00a0\u00a0\u00a0\u00a0\u00a0\u00a0\u00a0\u00a0\u00a0\u00a0\u00a0\u00a0\u00a0\u00a0\u00a0\u00a0\u00a0\u00a0\u00a0\u00a0\u00a0\u00a0\u00a0\u00a0\u00a0\u00a0\u00a0\u00a0\u00a0\u00a0\u00a0\u00a0\u00a0\u00a0\u00a0\u00a0\u00a0\u00a0\u00a0\u00a0\u00a0 Koordynator projektu<\/p>\n","protected":false},"excerpt":{"rendered":"<p>Nauczyciele j\u0119zyka angielskiego i niemieckiego z Zespo\u0142u Szk\u00f3\u0142 w Gromniku odbyli w ramach projektu \u201ePoszerzanie horyzont\u00f3w z Erasmusem+\u201d szkolenia metodyczno &#8211; j\u0119zykowe w Richard Language College w Bournemouth oraz Instytucie Goethe w Bonn. Przebywanie przez d\u0142u\u017cszy czas w \u015brodowisku angloj\u0119zycznym i niemieckoj\u0119zycznym pozwoli\u0142o im \u00a0na poznanie i do\u015bwiadczenie reali\u00f3w, kultury, tradycji i obyczaj\u00f3w wybranego kraju. Po uko\u0144czonym szkoleniu, bogatsi o nowe do\u015bwiadczenia i umiej\u0119tno\u015bci j\u0119zykowe opracowali dla potrzeb gminy folder informacyjny w j\u0119zyku angielskim i niemieckim, promuj\u0105cy nasz region. Projekt folderu wykona\u0142a pani Patrycja Kubicz, a informacje i zdj\u0119cia otrzymali\u015bmy z Urz\u0119du Gminy w Gromniku. &nbsp; Ma\u0142gorzata Starzyk \u00a0\u00a0\u00a0\u00a0\u00a0\u00a0\u00a0\u00a0\u00a0\u00a0\u00a0\u00a0\u00a0\u00a0\u00a0\u00a0\u00a0\u00a0\u00a0\u00a0\u00a0\u00a0\u00a0\u00a0\u00a0\u00a0\u00a0\u00a0\u00a0\u00a0\u00a0\u00a0\u00a0\u00a0\u00a0\u00a0\u00a0\u00a0\u00a0\u00a0\u00a0\u00a0\u00a0\u00a0\u00a0\u00a0\u00a0\u00a0\u00a0\u00a0\u00a0\u00a0\u00a0\u00a0\u00a0\u00a0\u00a0\u00a0\u00a0\u00a0\u00a0\u00a0\u00a0\u00a0\u00a0\u00a0\u00a0\u00a0\u00a0\u00a0\u00a0\u00a0\u00a0\u00a0\u00a0\u00a0\u00a0\u00a0\u00a0\u00a0\u00a0\u00a0\u00a0\u00a0\u00a0\u00a0\u00a0\u00a0\u00a0\u00a0\u00a0\u00a0\u00a0\u00a0\u00a0\u00a0\u00a0\u00a0\u00a0\u00a0\u00a0\u00a0\u00a0\u00a0\u00a0 Koordynator projektu<\/p>\n","protected":false},"author":1,"featured_media":0,"parent":0,"menu_order":0,"comment_status":"closed","ping_status":"closed","template":"","meta":[],"yoast_head":"<!-- This site is optimized with the Yoast SEO plugin v19.8 - https:\/\/yoast.com\/wordpress\/plugins\/seo\/ -->\n<title>Gmina Gromnik - folder - Zesp\u00f3\u0142 Szk\u00f3\u0142 w Gromniku<\/title>\n<meta name=\"description\" content=\"Zesp\u00f3\u0142 Szk\u00f3\u0142 Gromnik, szko\u0142a gromnik, szko\u0142a podstawowa gromnik, przedszkole gromnik\" \/>\n<meta name=\"robots\" content=\"index, follow, max-snippet:-1, max-image-preview:large, max-video-preview:-1\" \/>\n<link rel=\"canonical\" href=\"http:\/\/zs.gromnik.pl\/zs\/gmina-gromnik-folder\/\" \/>\n<meta property=\"og:locale\" content=\"pl_PL\" \/>\n<meta property=\"og:type\" content=\"article\" \/>\n<meta property=\"og:title\" content=\"Gmina Gromnik - folder - Zesp\u00f3\u0142 Szk\u00f3\u0142 w Gromniku\" \/>\n<meta property=\"og:description\" content=\"Zesp\u00f3\u0142 Szk\u00f3\u0142 Gromnik, szko\u0142a gromnik, szko\u0142a podstawowa gromnik, przedszkole gromnik\" \/>\n<meta property=\"og:url\" content=\"http:\/\/zs.gromnik.pl\/zs\/gmina-gromnik-folder\/\" \/>\n<meta property=\"og:site_name\" content=\"Zesp\u00f3\u0142 Szk\u00f3\u0142 w Gromniku\" \/>\n<meta property=\"article:publisher\" content=\"https:\/\/www.facebook.com\/zsgromnik\" \/>\n<meta name=\"twitter:card\" content=\"summary_large_image\" \/>\n<meta name=\"twitter:label1\" content=\"Szacowany czas czytania\" \/>\n\t<meta name=\"twitter:data1\" content=\"1 minuta\" \/>\n<script type=\"application\/ld+json\" class=\"yoast-schema-graph\">{\"@context\":\"https:\/\/schema.org\",\"@graph\":[{\"@type\":\"WebPage\",\"@id\":\"http:\/\/zs.gromnik.pl\/zs\/gmina-gromnik-folder\/\",\"url\":\"http:\/\/zs.gromnik.pl\/zs\/gmina-gromnik-folder\/\",\"name\":\"Gmina Gromnik - folder - Zesp\u00f3\u0142 Szk\u00f3\u0142 w Gromniku\",\"isPartOf\":{\"@id\":\"https:\/\/zs.gromnik.pl\/zs\/#website\"},\"datePublished\":\"2016-12-14T08:38:03+00:00\",\"dateModified\":\"2016-12-14T08:38:03+00:00\",\"description\":\"Zesp\u00f3\u0142 Szk\u00f3\u0142 Gromnik, szko\u0142a gromnik, szko\u0142a podstawowa gromnik, przedszkole gromnik\",\"breadcrumb\":{\"@id\":\"http:\/\/zs.gromnik.pl\/zs\/gmina-gromnik-folder\/#breadcrumb\"},\"inLanguage\":\"pl-PL\",\"potentialAction\":[{\"@type\":\"ReadAction\",\"target\":[\"http:\/\/zs.gromnik.pl\/zs\/gmina-gromnik-folder\/\"]}]},{\"@type\":\"BreadcrumbList\",\"@id\":\"http:\/\/zs.gromnik.pl\/zs\/gmina-gromnik-folder\/#breadcrumb\",\"itemListElement\":[{\"@type\":\"ListItem\",\"position\":1,\"name\":\"Strona g\u0142\u00f3wna\",\"item\":\"https:\/\/zs.gromnik.pl\/zs\/\"},{\"@type\":\"ListItem\",\"position\":2,\"name\":\"Gmina Gromnik &#8211; folder\"}]},{\"@type\":\"WebSite\",\"@id\":\"https:\/\/zs.gromnik.pl\/zs\/#website\",\"url\":\"https:\/\/zs.gromnik.pl\/zs\/\",\"name\":\"Zesp\u00f3\u0142 Szk\u00f3\u0142 w Gromniku\",\"description\":\"\",\"potentialAction\":[{\"@type\":\"SearchAction\",\"target\":{\"@type\":\"EntryPoint\",\"urlTemplate\":\"https:\/\/zs.gromnik.pl\/zs\/?s={search_term_string}\"},\"query-input\":\"required name=search_term_string\"}],\"inLanguage\":\"pl-PL\"}]}<\/script>\n<!-- \/ Yoast SEO plugin. -->","yoast_head_json":{"title":"Gmina Gromnik - folder - Zesp\u00f3\u0142 Szk\u00f3\u0142 w Gromniku","description":"Zesp\u00f3\u0142 Szk\u00f3\u0142 Gromnik, szko\u0142a gromnik, szko\u0142a podstawowa gromnik, przedszkole gromnik","robots":{"index":"index","follow":"follow","max-snippet":"max-snippet:-1","max-image-preview":"max-image-preview:large","max-video-preview":"max-video-preview:-1"},"canonical":"http:\/\/zs.gromnik.pl\/zs\/gmina-gromnik-folder\/","og_locale":"pl_PL","og_type":"article","og_title":"Gmina Gromnik - folder - Zesp\u00f3\u0142 Szk\u00f3\u0142 w Gromniku","og_description":"Zesp\u00f3\u0142 Szk\u00f3\u0142 Gromnik, szko\u0142a gromnik, szko\u0142a podstawowa gromnik, przedszkole gromnik","og_url":"http:\/\/zs.gromnik.pl\/zs\/gmina-gromnik-folder\/","og_site_name":"Zesp\u00f3\u0142 Szk\u00f3\u0142 w Gromniku","article_publisher":"https:\/\/www.facebook.com\/zsgromnik","twitter_card":"summary_large_image","twitter_misc":{"Szacowany czas czytania":"1 minuta"},"schema":{"@context":"https:\/\/schema.org","@graph":[{"@type":"WebPage","@id":"http:\/\/zs.gromnik.pl\/zs\/gmina-gromnik-folder\/","url":"http:\/\/zs.gromnik.pl\/zs\/gmina-gromnik-folder\/","name":"Gmina Gromnik - folder - Zesp\u00f3\u0142 Szk\u00f3\u0142 w Gromniku","isPartOf":{"@id":"https:\/\/zs.gromnik.pl\/zs\/#website"},"datePublished":"2016-12-14T08:38:03+00:00","dateModified":"2016-12-14T08:38:03+00:00","description":"Zesp\u00f3\u0142 Szk\u00f3\u0142 Gromnik, szko\u0142a gromnik, szko\u0142a podstawowa gromnik, przedszkole gromnik","breadcrumb":{"@id":"http:\/\/zs.gromnik.pl\/zs\/gmina-gromnik-folder\/#breadcrumb"},"inLanguage":"pl-PL","potentialAction":[{"@type":"ReadAction","target":["http:\/\/zs.gromnik.pl\/zs\/gmina-gromnik-folder\/"]}]},{"@type":"BreadcrumbList","@id":"http:\/\/zs.gromnik.pl\/zs\/gmina-gromnik-folder\/#breadcrumb","itemListElement":[{"@type":"ListItem","position":1,"name":"Strona g\u0142\u00f3wna","item":"https:\/\/zs.gromnik.pl\/zs\/"},{"@type":"ListItem","position":2,"name":"Gmina Gromnik &#8211; folder"}]},{"@type":"WebSite","@id":"https:\/\/zs.gromnik.pl\/zs\/#website","url":"https:\/\/zs.gromnik.pl\/zs\/","name":"Zesp\u00f3\u0142 Szk\u00f3\u0142 w Gromniku","description":"","potentialAction":[{"@type":"SearchAction","target":{"@type":"EntryPoint","urlTemplate":"https:\/\/zs.gromnik.pl\/zs\/?s={search_term_string}"},"query-input":"required name=search_term_string"}],"inLanguage":"pl-PL"}]}},"_links":{"self":[{"href":"http:\/\/zs.gromnik.pl\/zs\/wp-json\/wp\/v2\/pages\/957"}],"collection":[{"href":"http:\/\/zs.gromnik.pl\/zs\/wp-json\/wp\/v2\/pages"}],"about":[{"href":"http:\/\/zs.gromnik.pl\/zs\/wp-json\/wp\/v2\/types\/page"}],"author":[{"embeddable":true,"href":"http:\/\/zs.gromnik.pl\/zs\/wp-json\/wp\/v2\/users\/1"}],"replies":[{"embeddable":true,"href":"http:\/\/zs.gromnik.pl\/zs\/wp-json\/wp\/v2\/comments?post=957"}],"version-history":[{"count":1,"href":"http:\/\/zs.gromnik.pl\/zs\/wp-json\/wp\/v2\/pages\/957\/revisions"}],"predecessor-version":[{"id":958,"href":"http:\/\/zs.gromnik.pl\/zs\/wp-json\/wp\/v2\/pages\/957\/revisions\/958"}],"wp:attachment":[{"href":"http:\/\/zs.gromnik.pl\/zs\/wp-json\/wp\/v2\/media?parent=957"}],"curies":[{"name":"wp","href":"https:\/\/api.w.org\/{rel}","templated":true}]}}

<p style="text-align: justify;">Nauczyciele języka angielskiego i niemieckiego z Zespołu Szkół w Gromniku odbyli w ramach projektu „Poszerzanie horyzontów z Erasmusem+” szkolenia metodyczno &#8211; językowe w Richard Language College w Bournemouth oraz Instytucie Goethe w Bonn. Przebywanie przez dłuższy czas w środowisku anglojęzycznym i niemieckojęzycznym pozwoliło im  na poznanie i doświadczenie realiów, kultury, tradycji i obyczajów wybranego kraju. Po ukończonym szkoleniu, bogatsi o nowe doświadczenia i umiejętności językowe opracowali dla potrzeb gminy folder informacyjny w języku angielskim i niemieckim, promujący nasz region.<br />
Projekt folderu wykonała pani Patrycja Kubicz, a informacje i zdjęcia otrzymaliśmy z Urzędu Gminy w Gromniku.</p>
<p>&nbsp;</p>
<p style="text-align: right;">Małgorzata Starzyk</p>
<p style="text-align: right;">                                                                                                          Koordynator projektu</p>

<p>Nauczyciele języka angielskiego i niemieckiego z Zespołu Szkół w Gromniku odbyli w ramach projektu „Poszerzanie horyzontów z Erasmusem+” szkolenia metodyczno &#8211; językowe w Richard Language College w Bournemouth oraz Instytucie Goethe w Bonn. Przebywanie przez dłuższy czas w środowisku anglojęzycznym i niemieckojęzycznym pozwoliło im  na poznanie i doświadczenie realiów, kultury, tradycji i obyczajów wybranego kraju. Po ukończonym szkoleniu, bogatsi o nowe doświadczenia i umiejętności językowe opracowali dla potrzeb gminy folder informacyjny w języku angielskim i niemieckim, promujący nasz region. Projekt folderu wykonała pani Patrycja Kubicz, a informacje i zdjęcia otrzymaliśmy z Urzędu Gminy w Gromniku. &nbsp; Małgorzata Starzyk                                                                                                           Koordynator projektu</p>

<!-- This site is optimized with the Yoast SEO plugin v19.8 - https://yoast.com/wordpress/plugins/seo/ -->
<title>Gmina Gromnik - folder - Zespół Szkół w Gromniku</title>
<meta name="description" content="Zespół Szkół Gromnik, szkoła gromnik, szkoła podstawowa gromnik, przedszkole gromnik" />
<meta name="robots" content="index, follow, max-snippet:-1, max-image-preview:large, max-video-preview:-1" />
<link rel="canonical" href="http://zs.gromnik.pl/zs/gmina-gromnik-folder/" />
<meta property="og:locale" content="pl_PL" />
<meta property="og:type" content="article" />
<meta property="og:title" content="Gmina Gromnik - folder - Zespół Szkół w Gromniku" />
<meta property="og:description" content="Zespół Szkół Gromnik, szkoła gromnik, szkoła podstawowa gromnik, przedszkole gromnik" />
<meta property="og:url" content="http://zs.gromnik.pl/zs/gmina-gromnik-folder/" />
<meta property="og:site_name" content="Zespół Szkół w Gromniku" />
<meta property="article:publisher" content="https://www.facebook.com/zsgromnik" />
<meta name="twitter:card" content="summary_large_image" />
<meta name="twitter:label1" content="Szacowany czas czytania" />
	<meta name="twitter:data1" content="1 minuta" />
<script type="application/ld+json" class="yoast-schema-graph">{"@context":"https://schema.org","@graph":[{"@type":"WebPage","@id":"http://zs.gromnik.pl/zs/gmina-gromnik-folder/","url":"http://zs.gromnik.pl/zs/gmina-gromnik-folder/","name":"Gmina Gromnik - folder - Zespół Szkół w Gromniku","isPartOf":{"@id":"https://zs.gromnik.pl/zs/#website"},"datePublished":"2016-12-14T08:38:03+00:00","dateModified":"2016-12-14T08:38:03+00:00","description":"Zespół Szkół Gromnik, szkoła gromnik, szkoła podstawowa gromnik, przedszkole gromnik","breadcrumb":{"@id":"http://zs.gromnik.pl/zs/gmina-gromnik-folder/#breadcrumb"},"inLanguage":"pl-PL","potentialAction":[{"@type":"ReadAction","target":["http://zs.gromnik.pl/zs/gmina-gromnik-folder/"]}]},{"@type":"BreadcrumbList","@id":"http://zs.gromnik.pl/zs/gmina-gromnik-folder/#breadcrumb","itemListElement":[{"@type":"ListItem","position":1,"name":"Strona główna","item":"https://zs.gromnik.pl/zs/"},{"@type":"ListItem","position":2,"name":"Gmina Gromnik &#8211; folder"}]},{"@type":"WebSite","@id":"https://zs.gromnik.pl/zs/#website","url":"https://zs.gromnik.pl/zs/","name":"Zespół Szkół w Gromniku","description":"","potentialAction":[{"@type":"SearchAction","target":{"@type":"EntryPoint","urlTemplate":"https://zs.gromnik.pl/zs/?s={search_term_string}"},"query-input":"required name=search_term_string"}],"inLanguage":"pl-PL"}]}</script>
<!-- / Yoast SEO plugin. -->

Gmina Gromnik - folder - Zespół Szkół w Gromniku

Zespół Szkół Gromnik, szkoła gromnik, szkoła podstawowa gromnik, przedszkole gromnik

Zespół Szkół w Gromniku

Strona główna
