{"id":13910,"date":"2023-09-27T19:00:59","date_gmt":"2023-09-27T17:00:59","guid":{"rendered":"http:\/\/zs.gromnik.pl\/zs\/?page_id=13910"},"modified":"2023-09-27T19:01:27","modified_gmt":"2023-09-27T17:01:27","slug":"uczestnicy-projektu-v4","status":"publish","type":"page","link":"https:\/\/zs.gromnik.pl\/zs\/uczestnicy-projektu-v4\/","title":{"rendered":"Uczestnicy Projektu V4"},"content":{"rendered":"\n<p>Z przyjemno\u015bci\u0105 publikujemy list\u0119 zakwalifikowanych uczni\u00f3w do mi\u0119dzynarodowego projektu <\/p>\n\n\n\n<p class=\"has-text-align-center\"><strong>&#8222;What do lichens and cycling have in common?&#8221;<\/strong><\/p>\n\n\n<div class=\"wp-block-image\">\n<figure class=\"aligncenter size-large is-resized\"><img loading=\"lazy\" src=\"http:\/\/zs.gromnik.pl\/zs\/wp-content\/uploads\/2023\/09\/Uczestnicy-projektu-726x1024.png\" alt=\"\" class=\"wp-image-13911\" width=\"545\" height=\"768\" srcset=\"https:\/\/zs.gromnik.pl\/zs\/wp-content\/uploads\/2023\/09\/Uczestnicy-projektu-726x1024.png 726w, https:\/\/zs.gromnik.pl\/zs\/wp-content\/uploads\/2023\/09\/Uczestnicy-projektu-213x300.png 213w, https:\/\/zs.gromnik.pl\/zs\/wp-content\/uploads\/2023\/09\/Uczestnicy-projektu-768x1083.png 768w, https:\/\/zs.gromnik.pl\/zs\/wp-content\/uploads\/2023\/09\/Uczestnicy-projektu-1090x1536.png 1090w, https:\/\/zs.gromnik.pl\/zs\/wp-content\/uploads\/2023\/09\/Uczestnicy-projektu-1140x1607.png 1140w, https:\/\/zs.gromnik.pl\/zs\/wp-content\/uploads\/2023\/09\/Uczestnicy-projektu.png 1240w\" sizes=\"(max-width: 545px) 100vw, 545px\" \/><\/figure><\/div>","protected":false},"excerpt":{"rendered":"<p>Z przyjemno\u015bci\u0105 publikujemy list\u0119 zakwalifikowanych uczni\u00f3w do mi\u0119dzynarodowego projektu &#8222;What do lichens and cycling have in common?&#8221;<\/p>\n","protected":false},"author":6,"featured_media":0,"parent":0,"menu_order":0,"comment_status":"closed","ping_status":"closed","template":"","meta":[],"yoast_head":"<!-- This site is optimized with the Yoast SEO plugin v19.8 - https:\/\/yoast.com\/wordpress\/plugins\/seo\/ -->\n<title>Uczestnicy Projektu V4 - Zesp\u00f3\u0142 Szk\u00f3\u0142 w Gromniku<\/title>\n<meta name=\"description\" content=\"Zesp\u00f3\u0142 Szk\u00f3\u0142 Gromnik, szko\u0142a gromnik, szko\u0142a podstawowa gromnik, przedszkole gromnik\" \/>\n<meta name=\"robots\" content=\"index, follow, max-snippet:-1, max-image-preview:large, max-video-preview:-1\" \/>\n<link rel=\"canonical\" href=\"https:\/\/zs.gromnik.pl\/zs\/uczestnicy-projektu-v4\/\" \/>\n<meta property=\"og:locale\" content=\"pl_PL\" \/>\n<meta property=\"og:type\" content=\"article\" \/>\n<meta property=\"og:title\" content=\"Uczestnicy Projektu V4 - Zesp\u00f3\u0142 Szk\u00f3\u0142 w Gromniku\" \/>\n<meta property=\"og:description\" content=\"Zesp\u00f3\u0142 Szk\u00f3\u0142 Gromnik, szko\u0142a gromnik, szko\u0142a podstawowa gromnik, przedszkole gromnik\" \/>\n<meta property=\"og:url\" content=\"https:\/\/zs.gromnik.pl\/zs\/uczestnicy-projektu-v4\/\" \/>\n<meta property=\"og:site_name\" content=\"Zesp\u00f3\u0142 Szk\u00f3\u0142 w Gromniku\" \/>\n<meta property=\"article:publisher\" content=\"https:\/\/www.facebook.com\/zsgromnik\" \/>\n<meta property=\"article:modified_time\" content=\"2023-09-27T17:01:27+00:00\" \/>\n<meta property=\"og:image\" content=\"http:\/\/zs.gromnik.pl\/zs\/wp-content\/uploads\/2023\/09\/Uczestnicy-projektu-726x1024.png\" \/>\n<meta name=\"twitter:card\" content=\"summary_large_image\" \/>\n<script type=\"application\/ld+json\" class=\"yoast-schema-graph\">{\"@context\":\"https:\/\/schema.org\",\"@graph\":[{\"@type\":\"WebPage\",\"@id\":\"https:\/\/zs.gromnik.pl\/zs\/uczestnicy-projektu-v4\/\",\"url\":\"https:\/\/zs.gromnik.pl\/zs\/uczestnicy-projektu-v4\/\",\"name\":\"Uczestnicy Projektu V4 - Zesp\u00f3\u0142 Szk\u00f3\u0142 w Gromniku\",\"isPartOf\":{\"@id\":\"https:\/\/zs.gromnik.pl\/zs\/#website\"},\"datePublished\":\"2023-09-27T17:00:59+00:00\",\"dateModified\":\"2023-09-27T17:01:27+00:00\",\"description\":\"Zesp\u00f3\u0142 Szk\u00f3\u0142 Gromnik, szko\u0142a gromnik, szko\u0142a podstawowa gromnik, przedszkole gromnik\",\"breadcrumb\":{\"@id\":\"https:\/\/zs.gromnik.pl\/zs\/uczestnicy-projektu-v4\/#breadcrumb\"},\"inLanguage\":\"pl-PL\",\"potentialAction\":[{\"@type\":\"ReadAction\",\"target\":[\"https:\/\/zs.gromnik.pl\/zs\/uczestnicy-projektu-v4\/\"]}]},{\"@type\":\"BreadcrumbList\",\"@id\":\"https:\/\/zs.gromnik.pl\/zs\/uczestnicy-projektu-v4\/#breadcrumb\",\"itemListElement\":[{\"@type\":\"ListItem\",\"position\":1,\"name\":\"Strona g\u0142\u00f3wna\",\"item\":\"https:\/\/zs.gromnik.pl\/zs\/\"},{\"@type\":\"ListItem\",\"position\":2,\"name\":\"Uczestnicy Projektu V4\"}]},{\"@type\":\"WebSite\",\"@id\":\"https:\/\/zs.gromnik.pl\/zs\/#website\",\"url\":\"https:\/\/zs.gromnik.pl\/zs\/\",\"name\":\"Zesp\u00f3\u0142 Szk\u00f3\u0142 w Gromniku\",\"description\":\"\",\"potentialAction\":[{\"@type\":\"SearchAction\",\"target\":{\"@type\":\"EntryPoint\",\"urlTemplate\":\"https:\/\/zs.gromnik.pl\/zs\/?s={search_term_string}\"},\"query-input\":\"required name=search_term_string\"}],\"inLanguage\":\"pl-PL\"}]}<\/script>\n<!-- \/ Yoast SEO plugin. -->","yoast_head_json":{"title":"Uczestnicy Projektu V4 - Zesp\u00f3\u0142 Szk\u00f3\u0142 w Gromniku","description":"Zesp\u00f3\u0142 Szk\u00f3\u0142 Gromnik, szko\u0142a gromnik, szko\u0142a podstawowa gromnik, przedszkole gromnik","robots":{"index":"index","follow":"follow","max-snippet":"max-snippet:-1","max-image-preview":"max-image-preview:large","max-video-preview":"max-video-preview:-1"},"canonical":"https:\/\/zs.gromnik.pl\/zs\/uczestnicy-projektu-v4\/","og_locale":"pl_PL","og_type":"article","og_title":"Uczestnicy Projektu V4 - Zesp\u00f3\u0142 Szk\u00f3\u0142 w Gromniku","og_description":"Zesp\u00f3\u0142 Szk\u00f3\u0142 Gromnik, szko\u0142a gromnik, szko\u0142a podstawowa gromnik, przedszkole gromnik","og_url":"https:\/\/zs.gromnik.pl\/zs\/uczestnicy-projektu-v4\/","og_site_name":"Zesp\u00f3\u0142 Szk\u00f3\u0142 w Gromniku","article_publisher":"https:\/\/www.facebook.com\/zsgromnik","article_modified_time":"2023-09-27T17:01:27+00:00","og_image":[{"url":"http:\/\/zs.gromnik.pl\/zs\/wp-content\/uploads\/2023\/09\/Uczestnicy-projektu-726x1024.png"}],"twitter_card":"summary_large_image","schema":{"@context":"https:\/\/schema.org","@graph":[{"@type":"WebPage","@id":"https:\/\/zs.gromnik.pl\/zs\/uczestnicy-projektu-v4\/","url":"https:\/\/zs.gromnik.pl\/zs\/uczestnicy-projektu-v4\/","name":"Uczestnicy Projektu V4 - Zesp\u00f3\u0142 Szk\u00f3\u0142 w Gromniku","isPartOf":{"@id":"https:\/\/zs.gromnik.pl\/zs\/#website"},"datePublished":"2023-09-27T17:00:59+00:00","dateModified":"2023-09-27T17:01:27+00:00","description":"Zesp\u00f3\u0142 Szk\u00f3\u0142 Gromnik, szko\u0142a gromnik, szko\u0142a podstawowa gromnik, przedszkole gromnik","breadcrumb":{"@id":"https:\/\/zs.gromnik.pl\/zs\/uczestnicy-projektu-v4\/#breadcrumb"},"inLanguage":"pl-PL","potentialAction":[{"@type":"ReadAction","target":["https:\/\/zs.gromnik.pl\/zs\/uczestnicy-projektu-v4\/"]}]},{"@type":"BreadcrumbList","@id":"https:\/\/zs.gromnik.pl\/zs\/uczestnicy-projektu-v4\/#breadcrumb","itemListElement":[{"@type":"ListItem","position":1,"name":"Strona g\u0142\u00f3wna","item":"https:\/\/zs.gromnik.pl\/zs\/"},{"@type":"ListItem","position":2,"name":"Uczestnicy Projektu V4"}]},{"@type":"WebSite","@id":"https:\/\/zs.gromnik.pl\/zs\/#website","url":"https:\/\/zs.gromnik.pl\/zs\/","name":"Zesp\u00f3\u0142 Szk\u00f3\u0142 w Gromniku","description":"","potentialAction":[{"@type":"SearchAction","target":{"@type":"EntryPoint","urlTemplate":"https:\/\/zs.gromnik.pl\/zs\/?s={search_term_string}"},"query-input":"required name=search_term_string"}],"inLanguage":"pl-PL"}]}},"_links":{"self":[{"href":"https:\/\/zs.gromnik.pl\/zs\/wp-json\/wp\/v2\/pages\/13910"}],"collection":[{"href":"https:\/\/zs.gromnik.pl\/zs\/wp-json\/wp\/v2\/pages"}],"about":[{"href":"https:\/\/zs.gromnik.pl\/zs\/wp-json\/wp\/v2\/types\/page"}],"author":[{"embeddable":true,"href":"https:\/\/zs.gromnik.pl\/zs\/wp-json\/wp\/v2\/users\/6"}],"replies":[{"embeddable":true,"href":"https:\/\/zs.gromnik.pl\/zs\/wp-json\/wp\/v2\/comments?post=13910"}],"version-history":[{"count":2,"href":"https:\/\/zs.gromnik.pl\/zs\/wp-json\/wp\/v2\/pages\/13910\/revisions"}],"predecessor-version":[{"id":13914,"href":"https:\/\/zs.gromnik.pl\/zs\/wp-json\/wp\/v2\/pages\/13910\/revisions\/13914"}],"wp:attachment":[{"href":"https:\/\/zs.gromnik.pl\/zs\/wp-json\/wp\/v2\/media?parent=13910"}],"curies":[{"name":"wp","href":"https:\/\/api.w.org\/{rel}","templated":true}]}}

<p>Z przyjemnością publikujemy listę zakwalifikowanych uczniów do międzynarodowego projektu </p>



<p class="has-text-align-center"><strong>&#8222;What do lichens and cycling have in common?&#8221;</strong></p>


<div class="wp-block-image">
<figure class="aligncenter size-large is-resized"><img loading="lazy" src="http://zs.gromnik.pl/zs/wp-content/uploads/2023/09/Uczestnicy-projektu-726x1024.png" alt="" class="wp-image-13911" width="545" height="768" srcset="https://zs.gromnik.pl/zs/wp-content/uploads/2023/09/Uczestnicy-projektu-726x1024.png 726w, https://zs.gromnik.pl/zs/wp-content/uploads/2023/09/Uczestnicy-projektu-213x300.png 213w, https://zs.gromnik.pl/zs/wp-content/uploads/2023/09/Uczestnicy-projektu-768x1083.png 768w, https://zs.gromnik.pl/zs/wp-content/uploads/2023/09/Uczestnicy-projektu-1090x1536.png 1090w, https://zs.gromnik.pl/zs/wp-content/uploads/2023/09/Uczestnicy-projektu-1140x1607.png 1140w, https://zs.gromnik.pl/zs/wp-content/uploads/2023/09/Uczestnicy-projektu.png 1240w" sizes="(max-width: 545px) 100vw, 545px" /></figure></div>

<p>Z przyjemnością publikujemy listę zakwalifikowanych uczniów do międzynarodowego projektu &#8222;What do lichens and cycling have in common?&#8221;</p>

<!-- This site is optimized with the Yoast SEO plugin v19.8 - https://yoast.com/wordpress/plugins/seo/ -->
<title>Uczestnicy Projektu V4 - Zespół Szkół w Gromniku</title>
<meta name="description" content="Zespół Szkół Gromnik, szkoła gromnik, szkoła podstawowa gromnik, przedszkole gromnik" />
<meta name="robots" content="index, follow, max-snippet:-1, max-image-preview:large, max-video-preview:-1" />
<link rel="canonical" href="https://zs.gromnik.pl/zs/uczestnicy-projektu-v4/" />
<meta property="og:locale" content="pl_PL" />
<meta property="og:type" content="article" />
<meta property="og:title" content="Uczestnicy Projektu V4 - Zespół Szkół w Gromniku" />
<meta property="og:description" content="Zespół Szkół Gromnik, szkoła gromnik, szkoła podstawowa gromnik, przedszkole gromnik" />
<meta property="og:url" content="https://zs.gromnik.pl/zs/uczestnicy-projektu-v4/" />
<meta property="og:site_name" content="Zespół Szkół w Gromniku" />
<meta property="article:publisher" content="https://www.facebook.com/zsgromnik" />
<meta property="article:modified_time" content="2023-09-27T17:01:27+00:00" />
<meta property="og:image" content="http://zs.gromnik.pl/zs/wp-content/uploads/2023/09/Uczestnicy-projektu-726x1024.png" />
<meta name="twitter:card" content="summary_large_image" />
<script type="application/ld+json" class="yoast-schema-graph">{"@context":"https://schema.org","@graph":[{"@type":"WebPage","@id":"https://zs.gromnik.pl/zs/uczestnicy-projektu-v4/","url":"https://zs.gromnik.pl/zs/uczestnicy-projektu-v4/","name":"Uczestnicy Projektu V4 - Zespół Szkół w Gromniku","isPartOf":{"@id":"https://zs.gromnik.pl/zs/#website"},"datePublished":"2023-09-27T17:00:59+00:00","dateModified":"2023-09-27T17:01:27+00:00","description":"Zespół Szkół Gromnik, szkoła gromnik, szkoła podstawowa gromnik, przedszkole gromnik","breadcrumb":{"@id":"https://zs.gromnik.pl/zs/uczestnicy-projektu-v4/#breadcrumb"},"inLanguage":"pl-PL","potentialAction":[{"@type":"ReadAction","target":["https://zs.gromnik.pl/zs/uczestnicy-projektu-v4/"]}]},{"@type":"BreadcrumbList","@id":"https://zs.gromnik.pl/zs/uczestnicy-projektu-v4/#breadcrumb","itemListElement":[{"@type":"ListItem","position":1,"name":"Strona główna","item":"https://zs.gromnik.pl/zs/"},{"@type":"ListItem","position":2,"name":"Uczestnicy Projektu V4"}]},{"@type":"WebSite","@id":"https://zs.gromnik.pl/zs/#website","url":"https://zs.gromnik.pl/zs/","name":"Zespół Szkół w Gromniku","description":"","potentialAction":[{"@type":"SearchAction","target":{"@type":"EntryPoint","urlTemplate":"https://zs.gromnik.pl/zs/?s={search_term_string}"},"query-input":"required name=search_term_string"}],"inLanguage":"pl-PL"}]}</script>
<!-- / Yoast SEO plugin. -->

Uczestnicy Projektu V4 - Zespół Szkół w Gromniku

Zespół Szkół Gromnik, szkoła gromnik, szkoła podstawowa gromnik, przedszkole gromnik

Zespół Szkół w Gromniku

Strona główna
