{"id":4317,"date":"2019-09-19T20:09:26","date_gmt":"2019-09-19T18:09:26","guid":{"rendered":"http:\/\/www.zs.gromnik.pl\/zs\/?page_id=4317"},"modified":"2019-09-26T17:15:05","modified_gmt":"2019-09-26T15:15:05","slug":"category-po-wer-se-2019","status":"publish","type":"page","link":"https:\/\/zs.gromnik.pl\/zs\/category-po-wer-se-2019\/","title":{"rendered":"POWER PMU"},"content":{"rendered":"\n<figure class=\"wp-block-image\"><img loading=\"lazy\" width=\"724\" height=\"1024\" src=\"http:\/\/www.zs.gromnik.pl\/zs\/wp-content\/uploads\/2019\/09\/plakat-uczniowie-724x1024.jpg\" alt=\"\" class=\"wp-image-4301\" srcset=\"https:\/\/zs.gromnik.pl\/zs\/wp-content\/uploads\/2019\/09\/plakat-uczniowie-724x1024.jpg 724w, https:\/\/zs.gromnik.pl\/zs\/wp-content\/uploads\/2019\/09\/plakat-uczniowie-212x300.jpg 212w, https:\/\/zs.gromnik.pl\/zs\/wp-content\/uploads\/2019\/09\/plakat-uczniowie-768x1086.jpg 768w, https:\/\/zs.gromnik.pl\/zs\/wp-content\/uploads\/2019\/09\/plakat-uczniowie-820x1159.jpg 820w\" sizes=\"(max-width: 724px) 100vw, 724px\" \/><\/figure>\n\n\n\n<p>Zapraszamy na fanpage na Facebooka &#8211; <a aria-label=\"KLIK (otwiera si\u0119 na nowej zak\u0142adce)\" rel=\"noreferrer noopener\" href=\"https:\/\/www.facebook.com\/Ponadnarodowa-mobilno\u015b\u0107-uczni\u00f3w-Gromnik-102200214496327\/?modal=admin_todo_tour\" target=\"_blank\">KLIK<\/a> <\/p>\n","protected":false},"excerpt":{"rendered":"<p>Zapraszamy na fanpage na Facebooka &#8211; KLIK<\/p>\n","protected":false},"author":6,"featured_media":0,"parent":0,"menu_order":0,"comment_status":"closed","ping_status":"closed","template":"","meta":[],"yoast_head":"<!-- This site is optimized with the Yoast SEO plugin v19.8 - https:\/\/yoast.com\/wordpress\/plugins\/seo\/ -->\n<title>POWER PMU - Zesp\u00f3\u0142 Szk\u00f3\u0142 w Gromniku<\/title>\n<meta name=\"description\" content=\"Zesp\u00f3\u0142 Szk\u00f3\u0142 Gromnik, szko\u0142a gromnik, szko\u0142a podstawowa gromnik, przedszkole gromnik\" \/>\n<meta name=\"robots\" content=\"index, follow, max-snippet:-1, max-image-preview:large, max-video-preview:-1\" \/>\n<link rel=\"canonical\" href=\"https:\/\/zs.gromnik.pl\/zs\/category-po-wer-se-2019\/\" \/>\n<meta property=\"og:locale\" content=\"pl_PL\" \/>\n<meta property=\"og:type\" content=\"article\" \/>\n<meta property=\"og:title\" content=\"POWER PMU - Zesp\u00f3\u0142 Szk\u00f3\u0142 w Gromniku\" \/>\n<meta property=\"og:description\" content=\"Zesp\u00f3\u0142 Szk\u00f3\u0142 Gromnik, szko\u0142a gromnik, szko\u0142a podstawowa gromnik, przedszkole gromnik\" \/>\n<meta property=\"og:url\" content=\"https:\/\/zs.gromnik.pl\/zs\/category-po-wer-se-2019\/\" \/>\n<meta property=\"og:site_name\" content=\"Zesp\u00f3\u0142 Szk\u00f3\u0142 w Gromniku\" \/>\n<meta property=\"article:publisher\" content=\"https:\/\/www.facebook.com\/zsgromnik\" \/>\n<meta property=\"article:modified_time\" content=\"2019-09-26T15:15:05+00:00\" \/>\n<meta property=\"og:image\" content=\"http:\/\/www.zs.gromnik.pl\/zs\/wp-content\/uploads\/2019\/09\/plakat-uczniowie-724x1024.jpg\" \/>\n<meta name=\"twitter:card\" content=\"summary_large_image\" \/>\n<script type=\"application\/ld+json\" class=\"yoast-schema-graph\">{\"@context\":\"https:\/\/schema.org\",\"@graph\":[{\"@type\":\"WebPage\",\"@id\":\"https:\/\/zs.gromnik.pl\/zs\/category-po-wer-se-2019\/\",\"url\":\"https:\/\/zs.gromnik.pl\/zs\/category-po-wer-se-2019\/\",\"name\":\"POWER PMU - Zesp\u00f3\u0142 Szk\u00f3\u0142 w Gromniku\",\"isPartOf\":{\"@id\":\"https:\/\/zs.gromnik.pl\/zs\/#website\"},\"datePublished\":\"2019-09-19T18:09:26+00:00\",\"dateModified\":\"2019-09-26T15:15:05+00:00\",\"description\":\"Zesp\u00f3\u0142 Szk\u00f3\u0142 Gromnik, szko\u0142a gromnik, szko\u0142a podstawowa gromnik, przedszkole gromnik\",\"breadcrumb\":{\"@id\":\"https:\/\/zs.gromnik.pl\/zs\/category-po-wer-se-2019\/#breadcrumb\"},\"inLanguage\":\"pl-PL\",\"potentialAction\":[{\"@type\":\"ReadAction\",\"target\":[\"https:\/\/zs.gromnik.pl\/zs\/category-po-wer-se-2019\/\"]}]},{\"@type\":\"BreadcrumbList\",\"@id\":\"https:\/\/zs.gromnik.pl\/zs\/category-po-wer-se-2019\/#breadcrumb\",\"itemListElement\":[{\"@type\":\"ListItem\",\"position\":1,\"name\":\"Strona g\u0142\u00f3wna\",\"item\":\"https:\/\/zs.gromnik.pl\/zs\/\"},{\"@type\":\"ListItem\",\"position\":2,\"name\":\"POWER PMU\"}]},{\"@type\":\"WebSite\",\"@id\":\"https:\/\/zs.gromnik.pl\/zs\/#website\",\"url\":\"https:\/\/zs.gromnik.pl\/zs\/\",\"name\":\"Zesp\u00f3\u0142 Szk\u00f3\u0142 w Gromniku\",\"description\":\"\",\"potentialAction\":[{\"@type\":\"SearchAction\",\"target\":{\"@type\":\"EntryPoint\",\"urlTemplate\":\"https:\/\/zs.gromnik.pl\/zs\/?s={search_term_string}\"},\"query-input\":\"required name=search_term_string\"}],\"inLanguage\":\"pl-PL\"}]}<\/script>\n<!-- \/ Yoast SEO plugin. -->","yoast_head_json":{"title":"POWER PMU - Zesp\u00f3\u0142 Szk\u00f3\u0142 w Gromniku","description":"Zesp\u00f3\u0142 Szk\u00f3\u0142 Gromnik, szko\u0142a gromnik, szko\u0142a podstawowa gromnik, przedszkole gromnik","robots":{"index":"index","follow":"follow","max-snippet":"max-snippet:-1","max-image-preview":"max-image-preview:large","max-video-preview":"max-video-preview:-1"},"canonical":"https:\/\/zs.gromnik.pl\/zs\/category-po-wer-se-2019\/","og_locale":"pl_PL","og_type":"article","og_title":"POWER PMU - Zesp\u00f3\u0142 Szk\u00f3\u0142 w Gromniku","og_description":"Zesp\u00f3\u0142 Szk\u00f3\u0142 Gromnik, szko\u0142a gromnik, szko\u0142a podstawowa gromnik, przedszkole gromnik","og_url":"https:\/\/zs.gromnik.pl\/zs\/category-po-wer-se-2019\/","og_site_name":"Zesp\u00f3\u0142 Szk\u00f3\u0142 w Gromniku","article_publisher":"https:\/\/www.facebook.com\/zsgromnik","article_modified_time":"2019-09-26T15:15:05+00:00","og_image":[{"url":"http:\/\/www.zs.gromnik.pl\/zs\/wp-content\/uploads\/2019\/09\/plakat-uczniowie-724x1024.jpg"}],"twitter_card":"summary_large_image","schema":{"@context":"https:\/\/schema.org","@graph":[{"@type":"WebPage","@id":"https:\/\/zs.gromnik.pl\/zs\/category-po-wer-se-2019\/","url":"https:\/\/zs.gromnik.pl\/zs\/category-po-wer-se-2019\/","name":"POWER PMU - Zesp\u00f3\u0142 Szk\u00f3\u0142 w Gromniku","isPartOf":{"@id":"https:\/\/zs.gromnik.pl\/zs\/#website"},"datePublished":"2019-09-19T18:09:26+00:00","dateModified":"2019-09-26T15:15:05+00:00","description":"Zesp\u00f3\u0142 Szk\u00f3\u0142 Gromnik, szko\u0142a gromnik, szko\u0142a podstawowa gromnik, przedszkole gromnik","breadcrumb":{"@id":"https:\/\/zs.gromnik.pl\/zs\/category-po-wer-se-2019\/#breadcrumb"},"inLanguage":"pl-PL","potentialAction":[{"@type":"ReadAction","target":["https:\/\/zs.gromnik.pl\/zs\/category-po-wer-se-2019\/"]}]},{"@type":"BreadcrumbList","@id":"https:\/\/zs.gromnik.pl\/zs\/category-po-wer-se-2019\/#breadcrumb","itemListElement":[{"@type":"ListItem","position":1,"name":"Strona g\u0142\u00f3wna","item":"https:\/\/zs.gromnik.pl\/zs\/"},{"@type":"ListItem","position":2,"name":"POWER PMU"}]},{"@type":"WebSite","@id":"https:\/\/zs.gromnik.pl\/zs\/#website","url":"https:\/\/zs.gromnik.pl\/zs\/","name":"Zesp\u00f3\u0142 Szk\u00f3\u0142 w Gromniku","description":"","potentialAction":[{"@type":"SearchAction","target":{"@type":"EntryPoint","urlTemplate":"https:\/\/zs.gromnik.pl\/zs\/?s={search_term_string}"},"query-input":"required name=search_term_string"}],"inLanguage":"pl-PL"}]}},"_links":{"self":[{"href":"https:\/\/zs.gromnik.pl\/zs\/wp-json\/wp\/v2\/pages\/4317"}],"collection":[{"href":"https:\/\/zs.gromnik.pl\/zs\/wp-json\/wp\/v2\/pages"}],"about":[{"href":"https:\/\/zs.gromnik.pl\/zs\/wp-json\/wp\/v2\/types\/page"}],"author":[{"embeddable":true,"href":"https:\/\/zs.gromnik.pl\/zs\/wp-json\/wp\/v2\/users\/6"}],"replies":[{"embeddable":true,"href":"https:\/\/zs.gromnik.pl\/zs\/wp-json\/wp\/v2\/comments?post=4317"}],"version-history":[{"count":2,"href":"https:\/\/zs.gromnik.pl\/zs\/wp-json\/wp\/v2\/pages\/4317\/revisions"}],"predecessor-version":[{"id":4323,"href":"https:\/\/zs.gromnik.pl\/zs\/wp-json\/wp\/v2\/pages\/4317\/revisions\/4323"}],"wp:attachment":[{"href":"https:\/\/zs.gromnik.pl\/zs\/wp-json\/wp\/v2\/media?parent=4317"}],"curies":[{"name":"wp","href":"https:\/\/api.w.org\/{rel}","templated":true}]}}

<figure class="wp-block-image"><img loading="lazy" width="724" height="1024" src="http://www.zs.gromnik.pl/zs/wp-content/uploads/2019/09/plakat-uczniowie-724x1024.jpg" alt="" class="wp-image-4301" srcset="https://zs.gromnik.pl/zs/wp-content/uploads/2019/09/plakat-uczniowie-724x1024.jpg 724w, https://zs.gromnik.pl/zs/wp-content/uploads/2019/09/plakat-uczniowie-212x300.jpg 212w, https://zs.gromnik.pl/zs/wp-content/uploads/2019/09/plakat-uczniowie-768x1086.jpg 768w, https://zs.gromnik.pl/zs/wp-content/uploads/2019/09/plakat-uczniowie-820x1159.jpg 820w" sizes="(max-width: 724px) 100vw, 724px" /></figure>



<p>Zapraszamy na fanpage na Facebooka &#8211; <a aria-label="KLIK (otwiera się na nowej zakładce)" rel="noreferrer noopener" href="https://www.facebook.com/Ponadnarodowa-mobilność-uczniów-Gromnik-102200214496327/?modal=admin_todo_tour" target="_blank">KLIK</a> </p>

<!-- This site is optimized with the Yoast SEO plugin v19.8 - https://yoast.com/wordpress/plugins/seo/ -->
<title>POWER PMU - Zespół Szkół w Gromniku</title>
<meta name="description" content="Zespół Szkół Gromnik, szkoła gromnik, szkoła podstawowa gromnik, przedszkole gromnik" />
<meta name="robots" content="index, follow, max-snippet:-1, max-image-preview:large, max-video-preview:-1" />
<link rel="canonical" href="https://zs.gromnik.pl/zs/category-po-wer-se-2019/" />
<meta property="og:locale" content="pl_PL" />
<meta property="og:type" content="article" />
<meta property="og:title" content="POWER PMU - Zespół Szkół w Gromniku" />
<meta property="og:description" content="Zespół Szkół Gromnik, szkoła gromnik, szkoła podstawowa gromnik, przedszkole gromnik" />
<meta property="og:url" content="https://zs.gromnik.pl/zs/category-po-wer-se-2019/" />
<meta property="og:site_name" content="Zespół Szkół w Gromniku" />
<meta property="article:publisher" content="https://www.facebook.com/zsgromnik" />
<meta property="article:modified_time" content="2019-09-26T15:15:05+00:00" />
<meta property="og:image" content="http://www.zs.gromnik.pl/zs/wp-content/uploads/2019/09/plakat-uczniowie-724x1024.jpg" />
<meta name="twitter:card" content="summary_large_image" />
<script type="application/ld+json" class="yoast-schema-graph">{"@context":"https://schema.org","@graph":[{"@type":"WebPage","@id":"https://zs.gromnik.pl/zs/category-po-wer-se-2019/","url":"https://zs.gromnik.pl/zs/category-po-wer-se-2019/","name":"POWER PMU - Zespół Szkół w Gromniku","isPartOf":{"@id":"https://zs.gromnik.pl/zs/#website"},"datePublished":"2019-09-19T18:09:26+00:00","dateModified":"2019-09-26T15:15:05+00:00","description":"Zespół Szkół Gromnik, szkoła gromnik, szkoła podstawowa gromnik, przedszkole gromnik","breadcrumb":{"@id":"https://zs.gromnik.pl/zs/category-po-wer-se-2019/#breadcrumb"},"inLanguage":"pl-PL","potentialAction":[{"@type":"ReadAction","target":["https://zs.gromnik.pl/zs/category-po-wer-se-2019/"]}]},{"@type":"BreadcrumbList","@id":"https://zs.gromnik.pl/zs/category-po-wer-se-2019/#breadcrumb","itemListElement":[{"@type":"ListItem","position":1,"name":"Strona główna","item":"https://zs.gromnik.pl/zs/"},{"@type":"ListItem","position":2,"name":"POWER PMU"}]},{"@type":"WebSite","@id":"https://zs.gromnik.pl/zs/#website","url":"https://zs.gromnik.pl/zs/","name":"Zespół Szkół w Gromniku","description":"","potentialAction":[{"@type":"SearchAction","target":{"@type":"EntryPoint","urlTemplate":"https://zs.gromnik.pl/zs/?s={search_term_string}"},"query-input":"required name=search_term_string"}],"inLanguage":"pl-PL"}]}</script>
<!-- / Yoast SEO plugin. -->

POWER PMU - Zespół Szkół w Gromniku

Zespół Szkół Gromnik, szkoła gromnik, szkoła podstawowa gromnik, przedszkole gromnik

Zespół Szkół w Gromniku

Strona główna
